
False
Is 7420 a multiple of 70?
True
Is 1127 a multiple of 16?
False
Is 16 a factor of 4602?
False
Does 37 divide 148?
True
Is 3312 a multiple of 36?
True
Does 28 divide 47404?
True
Is 10 a factor of 4287?
False
Does 5 divide 1185?
True
Does 27 divide 35469?
False
Does 4 divide 113?
False
Is 178 a multiple of 32?
False
Is 42 a factor of 42?
True
Is 483 a multiple of 23?
True
Is 4375 a multiple of 23?
False
Does 45 divide 4356?
False
Is 40 a factor of 80?
True
Does 31 divide 961?
True
Does 29 divide 1720?
False
Does 18 divide 1260?
True
Does 22 divide 22594?
True
Does 20 divide 1478?
False
Does 22 divide 655?
False
Is 322 a multiple of 37?
False
Does 246 divide 101674?
False
Is 11 a factor of 509?
False
Is 3723 a multiple of 61?
False
Is 18 a factor of 564?
False
Is 83 a multiple of 21?
False
Is 29 a multiple of 5?
False
Does 25 divide 502?
False
Is 35 a factor of 2100?
True
Is 1272 a multiple of 53?
True
Is 2674 a multiple of 34?
False
Is 16 a factor of 48287?
False
Is 28 a factor of 756?
True
Is 4260 a multiple of 108?
False
Is 35360 a multiple of 20?
True
Is 1958 a multiple of 47?
False
Does 6 divide 4993?
False
Does 2 divide 129?
False
Does 40 divide 19746?
False
Is 499 a multiple of 3?
False
Is 16 a multiple of 3?
False
Is 24 a factor of 2448?
True
Is 204 a multiple of 17?
True
Is 20 a factor of 6400?
True
Is 12 a factor of 2268?
True
Is 4488 a multiple of 58?
False
Does 34 divide 102?
True
Does 16 divide 6273?
False
Does 2 divide 46?
True
Is 24 a multiple of 3?
True
Is 48 a multiple of 12?
True
Is 18944 a multiple of 39?
False
Is 594 a multiple of 40?
False
Is 434 a multiple of 14?
True
Does 36 divide 8152?
False
Does 46 divide 11831?
False
Does 3 divide 1443?
True
Is 21 a multiple of 20?
False
Is 3286 a multiple of 271?
False
Does 95 divide 198?
False
Is 3 a factor of 619?
False
Is 35 a factor of 402?
False
Is 188 a factor of 6708?
False
Does 39 divide 273?
True
Is 12632 a multiple of 27?
False
Is 3510 a multiple of 9?
True
Is 462 a multiple of 42?
True
Is 47 a factor of 26132?
True
Is 159 a multiple of 4?
False
Is 6 a factor of 5772?
True
Is 22 a factor of 924?
True
Does 11 divide 18623?
True
Does 82 divide 574?
True
Does 270 divide 11070?
True
Is 8 a factor of 32?
True
Does 7 divide 1197?
True
Does 15 divide 330?
True
Is 3297 a multiple of 7?
True
Is 27 a factor of 2079?
True
Does 79 divide 415?
False
Is 65 a factor of 1425?
False
Is 1595 a multiple of 12?
False
Is 825 a multiple of 75?
True
Is 3152 a multiple of 13?
False
Is 1024 a multiple of 6?
False
Does 61 divide 3233?
True
Does 27 divide 1620?
True
Does 2 divide 2416?
True
Is 13984 a multiple of 38?
True
Does 37 divide 3558?
False
Does 7 divide 3351?
False
Does 24 divide 3432?
True
Does 126 divide 10710?
True
Is 5658 a multiple of 153?
False
Is 14 a factor of 182?
True
Is 24 a factor of 1276?
False
Is 935 a multiple of 109?
False
Is 14034 a multiple of 6?
True
Does 8 divide 622?
False
Is 74277 a multiple of 20?
False
Is 3967 a multiple of 304?
False
Is 24552 a multiple of 18?
True
Is 199 a multiple of 5?
False
Does 10 divide 3530?
True
Does 108 divide 942?
False
Is 17 a factor of 187?
True
Is 1579 a multiple of 15?
False
Is 15 a factor of 470?
False
Is 113 a multiple of 7?
False
Is 25 a factor of 32177?
False
Is 9943 a multiple of 82?
False
Does 79 divide 1878?
False
Is 3415 a multiple of 4?
False
Does 10 divide 12766?
False
Is 2668 a multiple of 29?
True
Is 2 a factor of 33?
False
Is 22 a factor of 2552?
True
Does 7 divide 2457?
True
Is 1160 a multiple of 5?
True
Is 6 a factor of 2724?
True
Is 8 a factor of 288?
True
Does 74 divide 1659?
False
Is 33 a factor of 17800?
False
Does 87 divide 11136?
True
Does 14 divide 1232?
True
Does 289 divide 26666?
False
Is 12 a factor of 2785?
False
Is 13 a factor of 290?
False
Is 3444 a multiple of 15?
False
Does 4 divide 10016?
True
Is 3 a factor of 306?
True
Does 14 divide 882?
True
Does 56 divide 224?
True
Is 38450 a multiple of 11?
False
Is 90210 a multiple of 11?
False
Is 1785 a multiple of 5?
True
Is 11036 a multiple of 31?
True
Is 5 a factor of 415?
True
Is 22954 a multiple of 26?
False
Does 4 divide 55?
False
Does 32 divide 49376?
True
Is 17 a factor of 51848?
False
Is 68 a factor of 3060?
True
Is 1045 a multiple of 21?
False
Does 79 divide 6431?
False
Is 134 a multiple of 4?
False
Does 123 divide 39483?
True
Is 842 even?
True
Is 4 a factor of 892?
True
Does 157 divide 3297?
True
Is 6600 a multiple of 22?
True
Is 9 a factor of 1917?
True
Is 35326 a multiple of 340?
False
Is 62 a factor of 138158?
False
Does 27 divide 6021?
True
Does 60 divide 14760?
True
Is 110 a multiple of 8?
False
Does 10 divide 8025?
False
Does 29 divide 6815?
True
Does 122 divide 3971?
False
Does 44 divide 19599?
False
Does 99 divide 19206?
True
Does 100 divide 30900?
True
Does 48 divide 9552?
True
Is 25 a factor of 100?
True
Is 27 a factor of 5698?
False
Is 6302 a multiple of 23?
True
Is 31 a factor of 930?
True
Is 546 a multiple of 78?
True
Does 3 divide 5829?
True
Is 216 a multiple of 13?
False
Does 5 divide 1212?
False
Does 16 divide 508?
False
Is 15912 a multiple of 52?
True
Does 20 divide 30662?
False
Is 23729 a multiple of 61?
True
Is 22072 a multiple of 124?
True
Is 4 a factor of 1110?
False
Does 30 divide 1020?
True
Is 23 a factor of 20558?
False
Is 58 a factor of 1624?
True
Is 231 a factor of 46462?
False
Is 395 a multiple of 37?
False
Is 21 a factor of 84?
True
Is 10 a factor of 14810?
True
Does 9 divide 18036?
True
Is 33 a factor of 1026?
False
Is 53 a factor of 7859?
False
Is 819 a multiple of 7?
True
Does 10 divide 1391?
False
Is 7 a factor of 2492?
True
Does 13 divide 2002?
True
Does 17 divide 20588?
False
Is 1003 a multiple of 10?
False
Does 13 divide 8983?
True
Is 15470 a multiple of 26?
True
Is 13 a factor of 5121?
False
Is 5 a factor of 400?
True
Is 19 a factor of 76?
True
Is 432 a multiple of 6?
True
Is 1975 a multiple of 9?
False
Is 664 a multiple of 56?
False
Is 240 a multiple of 13?
False
Is 3394 a multiple of 181?
False
Is 24 a factor of 903?
False
Does 20 divide 1405?
False
Does 38 divide 29106?
False
Is 4 a factor of 19?
False
Is 46 a factor of 17388?
True
Is 10 a factor of 7170?
True
Does 29 divide 609?
True
Is 30 a factor of 7127?
False
Does 10 divide 5059?
False
Is 12 a factor of 216?
True
Is 840 a multiple of 30?
True
Is 790 a multiple of 3?
False
Is 4 a factor of 113?
False
Does 4 divide 2404?
True
Does 23 divide 23115?
True
Does 19 divide 141?
False
Is 1057 a multiple of 81?
False
Is 20310 a multiple of 6?
True
Is 30 a factor of 90?
True
Is 13 a factor of 2938?
True
Is 12 a factor of 5699?
False
Does 5 divide 1836?
False
Is 7232 a multiple of 64?
True
Is 46 a factor of 1183?
False
Does 110 divide 770?
True
Is 1350 a multiple of 27?
True
Is 534 a multiple of 62?
False
Is 6306 a multiple of 118?
False
Does 11 divide 2321?
True
Does 23 divide 2047?
True
Is 288 a multiple of 8?
True
Is 47 a factor of 2397?
True
Is 8 a factor of 14031?
False
Is 1200 a multiple of 12?
True
Is 90 a multiple of 18?
True
Does 27 divide 3240?
True
Is 19224 a multiple of 105?
False
Is 11 a factor of 3155?
False
Is 1584 a multiple of 18?
True
Is 74 a factor of 4958?
True
Does 75 divide 113175?
True
Is 635 a multiple of 40?
False
Is 118 a multiple of 3?
False
Is 17 a factor of 963?
False
Is 7500 a multiple of 60?
True
Does 100 divide 6200?
True
Does 19 divide 1729?
True
Does 62 divide 816?
False
Is 887 a multiple of 2?
False
Does 28 divide 420?
True
Is 66 a factor of 1002?
False
Does 13 divide 9981?
False
Does 3 divide 2139?
True
Does 13 divide 993?
False
Is 15239 a multiple of 14?
False
Is 500 even?
True
Is 86 a multiple of 53?
False
Is 39202 a multiple of 40?
False
Is 240 a multiple of 60?
True
Is 325 a factor of 34640?
False
Is 76 a factor of 31863?
False
Does 65 divide 19565?
True
Is 59 a factor of 61563?
False
Is 14 a factor of 136?
False
Does 14 divide 75348?
True
Is 4264 a multiple of 13?
True
Does 63 divide 1025?
False
Is 47 a factor of 846?
True
Does 61 divide 671?
True
Does 14 divide 2724?
False
Is 4576 a multiple of 10?
False
Is 35562 a multiple of 196?
False
Is 17 a factor of 7871?
True
Is 30 a factor of 3921?
False
Is 22 a factor of 511?
False
Does 14 divide 4564?
True
Is 93 a factor of 412?
False
Does 24 divide 56808?
True
Does 10 divide 358?